{"id":152,"date":"2020-05-04T11:33:40","date_gmt":"2020-05-04T11:33:40","guid":{"rendered":"https:\/\/la-curie.org\/?page_id=152"},"modified":"2020-05-04T11:33:40","modified_gmt":"2020-05-04T11:33:40","slug":"compagnie-la-pieuvre-whales","status":"publish","type":"page","link":"https:\/\/la-curie.org\/?page_id=152","title":{"rendered":"Compagnie La Pieuvre &#8211; Whales"},"content":{"rendered":"<p><strong>Performance Immersive<\/strong><\/p>\n<p><strong>Direction: Rebecca journo<\/strong><br \/>\n<strong>Chor\u00e9graphie &amp; interpr\u00e9tation: Rebecca Journo, Veronique Lemonnier et Chlo\u00e9 Zamboni<\/strong><br \/>\n<strong>Compositeur : Mathieu Bonnafous<\/strong><\/p>\n<p><img loading=\"lazy\" decoding=\"async\" class=\"alignnone  wp-image-153\" src=\"https:\/\/la-curie.org\/wp-content\/uploads\/2020\/05\/Whales-300x200.png\" alt=\"\" width=\"437\" height=\"291\" srcset=\"https:\/\/la-curie.org\/wp-content\/uploads\/2020\/05\/Whales-300x200.png 300w, https:\/\/la-curie.org\/wp-content\/uploads\/2020\/05\/Whales-1024x684.png 1024w, https:\/\/la-curie.org\/wp-content\/uploads\/2020\/05\/Whales-768x513.png 768w, https:\/\/la-curie.org\/wp-content\/uploads\/2020\/05\/Whales.png 1048w\" sizes=\"(max-width: 437px) 100vw, 437px\" \/><\/p>\n<p>Les sons \u00e9mis par les baleines nous fascinent autant qu\u2019il nous inspirent. Ces voix ancestrales semblent \u00eatre capables de distordre le temps, de nous plonger dans un \u00e9tat d\u2019introspection o\u00f9 l\u2019espace interne devient immense<br \/>\net dense.<\/p>\n<p>Il est d\u2019abord question d\u2019aller du son vers le corps, de mat\u00e9rialiser les sensations que ces sons procurent. Gr\u00e2ce \u00e0 la r\u00e9colte d\u2019enregistrements de baleines \u00e0 bosse et baleines bor\u00e9ales plus pr\u00e9cis\u00e9ment aupr\u00e8s de chercheurs scientifiques en bioacoustique, nous avons construit un r\u00e9pertoire sonore, telle une base de recherche. V\u00e9ritable \u00e9tude par l\u2019\u00e9coute, nous cherchons \u00e0 nous familiariser, \u00e0 ing\u00e9rer ces sonorit\u00e9s afin qu\u2019elles nous transforment et nous am\u00e8nent vers la construction d\u2019un imaginaire et d\u2019un langage commun. En trio, l\u2019\u00e9criture chor\u00e9graphique se recherche autour de l\u2019\u00e9laboration d\u2019un syst\u00e8me d\u2019interaction rythmique entre les corps. Les corps s\u2019envisagent comme des archives contenant la m\u00e9moire de ces sons.<\/p>\n<p>Whales se d\u00e9finit comme une exp\u00e9rience immersive pour le spectateur. Je me demande comment transcrire la sensation de profondeur et d\u2019immensit\u00e9, comment la proposition chor\u00e9graphique et sonore vient distordre le temps et l\u2019espace. Le projet souhaite attiser la curiosit\u00e9 sur ces \u00eatres grandiloquents telle une mise en perspective n\u00e9cessaire et essentielle.<\/p>\n<p><strong><em>En r\u00e9sidence \u00e0 la Curie en d\u00e9cembre 2019.<\/em><\/strong><\/p>\n","protected":false},"excerpt":{"rendered":"<p>Performance Immersive Direction: Rebecca journo Chor\u00e9graphie &amp; interpr\u00e9tation: Rebecca Journo, Veronique Lemonnier et Chlo\u00e9 Zamboni Compositeur : Mathieu Bonnafous Les sons \u00e9mis par les baleines nous fascinent autant qu\u2019il nous inspirent. Ces voix ancestrales semblent \u00eatre capables de distordre le temps, de nous plonger dans un \u00e9tat d\u2019introspection o\u00f9 l\u2019espace interne devient immense et dense. &hellip; <\/p>\n<p class=\"link-more\"><a href=\"https:\/\/la-curie.org\/?page_id=152\" class=\"more-link\">Continuer la lecture<span class=\"screen-reader-text\"> de &laquo;&nbsp;Compagnie La Pieuvre &#8211; Whales&nbsp;&raquo;<\/span><\/a><\/p>\n","protected":false},"author":1,"featured_media":0,"parent":0,"menu_order":0,"comment_status":"closed","ping_status":"closed","template":"","meta":{"footnotes":""},"_links":{"self":[{"href":"https:\/\/la-curie.org\/index.php?rest_route=\/wp\/v2\/pages\/152"}],"collection":[{"href":"https:\/\/la-curie.org\/index.php?rest_route=\/wp\/v2\/pages"}],"about":[{"href":"https:\/\/la-curie.org\/index.php?rest_route=\/wp\/v2\/types\/page"}],"author":[{"embeddable":true,"href":"https:\/\/la-curie.org\/index.php?rest_route=\/wp\/v2\/users\/1"}],"replies":[{"embeddable":true,"href":"https:\/\/la-curie.org\/index.php?rest_route=%2Fwp%2Fv2%2Fcomments&post=152"}],"version-history":[{"count":1,"href":"https:\/\/la-curie.org\/index.php?rest_route=\/wp\/v2\/pages\/152\/revisions"}],"predecessor-version":[{"id":155,"href":"https:\/\/la-curie.org\/index.php?rest_route=\/wp\/v2\/pages\/152\/revisions\/155"}],"wp:attachment":[{"href":"https:\/\/la-curie.org\/index.php?rest_route=%2Fwp%2Fv2%2Fmedia&parent=152"}],"curies":[{"name":"wp","href":"https:\/\/api.w.org\/{rel}","templated":true}]}}