{"id":166,"date":"2020-05-04T12:10:31","date_gmt":"2020-05-04T12:10:31","guid":{"rendered":"https:\/\/la-curie.org\/?page_id=166"},"modified":"2020-05-04T15:55:42","modified_gmt":"2020-05-04T15:55:42","slug":"compagnie-des-lunes-errantes-romancero","status":"publish","type":"page","link":"https:\/\/la-curie.org\/?page_id=166","title":{"rendered":"Th\u00e9\u00e2tre des Lunes Errantes &#8211; Romancero"},"content":{"rendered":"<p><strong>Composition: d<\/strong><strong>\u2019apr\u00e8s le <em>Romancero gitano<\/em>, recueil pour quatre voix et guitare de Mario Castelnuovo-Tedesco sur des po\u00e8mes du <em>Poema del Cante Jondo<\/em> de Federico Garc\u00eda Lorca<\/strong><\/p>\n<p><strong>Et <em>Ombre des puits<\/em>, textes de Lionel Brun-Valicon mis en musique par Karan Salajegheh pour guitare et voix<\/strong><\/p>\n<p><strong>Chant\u00a0: Claude Brun, Lionel Brun-Valicon, C\u00e9line Duverne, Cyrille La\u00efk<\/strong><\/p>\n<p><strong>Guitare\u00a0: Christophe Belletante<\/strong><\/p>\n<p><strong>Mise en sc\u00e8ne\u00a0: Lionel Brun-Valicon et Flora Gaudin<\/strong><\/p>\n<p><img loading=\"lazy\" decoding=\"async\" class=\"alignnone wp-image-173\" src=\"https:\/\/la-curie.org\/wp-content\/uploads\/2020\/05\/romancero-298x300.jpg\" alt=\"\" width=\"442\" height=\"445\" srcset=\"https:\/\/la-curie.org\/wp-content\/uploads\/2020\/05\/romancero-298x300.jpg 298w, https:\/\/la-curie.org\/wp-content\/uploads\/2020\/05\/romancero-1019x1024.jpg 1019w, https:\/\/la-curie.org\/wp-content\/uploads\/2020\/05\/romancero-150x150.jpg 150w, https:\/\/la-curie.org\/wp-content\/uploads\/2020\/05\/romancero-768x772.jpg 768w, https:\/\/la-curie.org\/wp-content\/uploads\/2020\/05\/romancero-1528x1536.jpg 1528w, https:\/\/la-curie.org\/wp-content\/uploads\/2020\/05\/romancero-2037x2048.jpg 2037w, https:\/\/la-curie.org\/wp-content\/uploads\/2020\/05\/romancero-100x100.jpg 100w\" sizes=\"(max-width: 442px) 100vw, 442px\" \/><\/p>\n<p>La po\u00e9sie de Lorca est une ambulation, une mise en mouvement de l\u2019Andalousie, o\u00f9 les rep\u00e8res les plus tangibles sont des symboles.\u00a0 Comme d\u2019une vignette flamenca, partant de ses moyens, Castelnuovo a cru bon de s\u2019exprimer \u00e0 son tour sur cette vision lointaine. Apr\u00e8s avoir failli lui pr\u00e9f\u00e9rer la question irr\u00e9solue de l\u2019adduction d\u2019eau dans l\u2019Atlantide de la basse \u00e9poque, nous nous penchons aussi sur l\u2019avenir \u00e9conomique de cette r\u00e9gion imaginaire.<\/p>\n<p>\u00ab\u00a0Son rythme est populaire de mani\u00e8re stylis\u00e9e et j\u2019y fais luire les vieux chanteurs et toute la faune et la flore fantastiques qui remplit ces chansons sublimes Silverio, Juan Breva, Loco Mateos, la Parrala, Fillo\u2026 et la Mort\u00a0! C\u2019est un retable\u2026 c\u2019est\u2026 un puzzle am\u00e9ricain, tu comprends\u00a0? Le po\u00e8me commence avec un cr\u00e9puscule immobile et \u00e0 partir de l\u00e0 d\u00e9filent la siguiryia, la solea, la saeta\u00a0 et la petenera. Le po\u00e8me est plein de gitans, de lampes, de forges\u2026 il y a m\u00eame des allusions \u00e0 Zoroastre.\u00a0\u00bb<\/p>\n<p><strong><em>En r\u00e9sidence \u00e0 la Curie en novembre 2019, janvier et f\u00e9vrier 2020.<\/em><\/strong><\/p>\n","protected":false},"excerpt":{"rendered":"<p>Composition: d\u2019apr\u00e8s le Romancero gitano, recueil pour quatre voix et guitare de Mario Castelnuovo-Tedesco sur des po\u00e8mes du Poema del Cante Jondo de Federico Garc\u00eda Lorca Et Ombre des puits, textes de Lionel Brun-Valicon mis en musique par Karan Salajegheh pour guitare et voix Chant\u00a0: Claude Brun, Lionel Brun-Valicon, C\u00e9line Duverne, Cyrille La\u00efk Guitare\u00a0: Christophe &hellip; <\/p>\n<p class=\"link-more\"><a href=\"https:\/\/la-curie.org\/?page_id=166\" class=\"more-link\">Continuer la lecture<span class=\"screen-reader-text\"> de &laquo;&nbsp;Th\u00e9\u00e2tre des Lunes Errantes &#8211; Romancero&nbsp;&raquo;<\/span><\/a><\/p>\n","protected":false},"author":1,"featured_media":0,"parent":0,"menu_order":0,"comment_status":"closed","ping_status":"closed","template":"","meta":{"footnotes":""},"_links":{"self":[{"href":"https:\/\/la-curie.org\/index.php?rest_route=\/wp\/v2\/pages\/166"}],"collection":[{"href":"https:\/\/la-curie.org\/index.php?rest_route=\/wp\/v2\/pages"}],"about":[{"href":"https:\/\/la-curie.org\/index.php?rest_route=\/wp\/v2\/types\/page"}],"author":[{"embeddable":true,"href":"https:\/\/la-curie.org\/index.php?rest_route=\/wp\/v2\/users\/1"}],"replies":[{"embeddable":true,"href":"https:\/\/la-curie.org\/index.php?rest_route=%2Fwp%2Fv2%2Fcomments&post=166"}],"version-history":[{"count":7,"href":"https:\/\/la-curie.org\/index.php?rest_route=\/wp\/v2\/pages\/166\/revisions"}],"predecessor-version":[{"id":184,"href":"https:\/\/la-curie.org\/index.php?rest_route=\/wp\/v2\/pages\/166\/revisions\/184"}],"wp:attachment":[{"href":"https:\/\/la-curie.org\/index.php?rest_route=%2Fwp%2Fv2%2Fmedia&parent=166"}],"curies":[{"name":"wp","href":"https:\/\/api.w.org\/{rel}","templated":true}]}}