{"id":205,"date":"2020-05-04T17:07:59","date_gmt":"2020-05-04T17:07:59","guid":{"rendered":"https:\/\/la-curie.org\/?page_id=205"},"modified":"2020-05-04T17:09:52","modified_gmt":"2020-05-04T17:09:52","slug":"pourquoi-le-nom-la-curie","status":"publish","type":"page","link":"https:\/\/la-curie.org\/?page_id=205","title":{"rendered":"Pourquoi \u00ab\u00a0La Curie\u00a0\u00bb ?"},"content":{"rendered":"<p><strong>Pourquoi La Curie \u00e0 la Courneuve\u00a0? <\/strong><\/p>\n<p>Dans le quartier Cr\u00e8vec\u0153ur, aux faubourgs de la banlieue m\u00eame, nous nous sommes install\u00e9s rue Pierre Curie. Peut-\u00eatre la rue a-t-elle \u00e9t\u00e9 nomm\u00e9e \u00e0 une \u00e9poque o\u00f9 la vision r\u00e9trograde de l\u2019Acad\u00e9mie des sciences, le patriarcat et les milieux x\u00e9nophobes avaient encore suffisamment d\u2019influence pour que l\u2019on \u00e9carte sans ciller des honneurs une femme extraordinaire, qui avait l\u2019outrecuidance d\u2019\u00eatre d\u2019origine \u00e9trang\u00e8re, d\u2019\u00eatre veuve et de ne pas vivre pour autant en humble recluse. Pour nous, aujourd\u2019hui, la rue Curie, ce serait plut\u00f4t la rue Pierre et Marie Curie, voire Marie et Pierre Curie. En tout cas, rue Curie, il y a d\u00e9sormais La Curie.<\/p>\n<p>Lorsque Suger d\u00e9dia ces domaines de l\u2019est dionysien \u00e0 la vigne, sans doute pour parer \u00e0 une dissipation acc\u00e9l\u00e9r\u00e9e de la production de vin de messe, il y installa un pr\u00e9v\u00f4t et ce fut la Curia Nova ou Curtis Nova, la Curie, la Cour Neuve. Plut\u00f4t coin de ferme que tribunal administratif, notre Curie \u00e9tait peut-\u00eatre alors le lieu-dit du Pinet, dont deux pins donnent aujourd\u2019hui r\u00e9miniscence au fond du jardin. Elle avait pu conserver une forme d\u2019ind\u00e9pendance un peu barbare, h\u00e9ritant en esprit du moins de la proximit\u00e9 du Champ de Belenos, lieu de conciliabule temporaire autour d\u2019un culte solaire gallo-romain.<\/p>\n<p>Car en effet, la Curie, c\u2019est aussi le rassemblement tribal pour d\u00e9lib\u00e9rer d\u2019affaires communes, pour porter l\u2019attention (<em>cura<\/em>) sur elles. On en voit encore la trace dans la langue. Ne plus s\u2019attacher \u00e0 la d\u00e9fense de l\u2019int\u00e9r\u00eat g\u00e9n\u00e9ral, c\u2019est l\u2019incurie. On est curieux quand on se soucie d\u2019une affaire, on en a cure. La cure, c\u2019est en outre se soigner, prendre soin de soi, de quelqu\u2019une ou quelqu\u2019un \u2013 on retrouve le \u00ab\u00a0<em>care<\/em>\u00a0\u00bb anglo-saxon, qui est aussi une vision de la soci\u00e9t\u00e9. Ce qui est int\u00e9ressant dans la version romane du terme, c\u2019est que le soin de la curie, non seulement est collectif, organis\u00e9, mais se prend au sens de la d\u00e9lib\u00e9ration collective, sans se fixer la t\u00e2che de corriger la soci\u00e9t\u00e9 de mani\u00e8re r\u00e9ticulaire voire organique, quand ce serait par la bont\u00e9. La Curie, c\u2019est un lieu politique \u00e0 l\u2019\u00e9chelle qu\u2019elle trouve, o\u00f9 se joue quelque chose qui n\u2019est pas jou\u00e9 d\u2019avance, o\u00f9 l\u2019esprit de d\u00e9cision se construit peu \u00e0 peu et o\u00f9 la justice se renforce d\u2019\u00eatre nomm\u00e9e sociale.<\/p>\n","protected":false},"excerpt":{"rendered":"<p>Pourquoi La Curie \u00e0 la Courneuve\u00a0? Dans le quartier Cr\u00e8vec\u0153ur, aux faubourgs de la banlieue m\u00eame, nous nous sommes install\u00e9s rue Pierre Curie. Peut-\u00eatre la rue a-t-elle \u00e9t\u00e9 nomm\u00e9e \u00e0 une \u00e9poque o\u00f9 la vision r\u00e9trograde de l\u2019Acad\u00e9mie des sciences, le patriarcat et les milieux x\u00e9nophobes avaient encore suffisamment d\u2019influence pour que l\u2019on \u00e9carte sans &hellip; <\/p>\n<p class=\"link-more\"><a href=\"https:\/\/la-curie.org\/?page_id=205\" class=\"more-link\">Continuer la lecture<span class=\"screen-reader-text\"> de &laquo;&nbsp;Pourquoi \u00ab\u00a0La Curie\u00a0\u00bb ?&nbsp;&raquo;<\/span><\/a><\/p>\n","protected":false},"author":1,"featured_media":0,"parent":0,"menu_order":0,"comment_status":"closed","ping_status":"closed","template":"","meta":{"footnotes":""},"_links":{"self":[{"href":"https:\/\/la-curie.org\/index.php?rest_route=\/wp\/v2\/pages\/205"}],"collection":[{"href":"https:\/\/la-curie.org\/index.php?rest_route=\/wp\/v2\/pages"}],"about":[{"href":"https:\/\/la-curie.org\/index.php?rest_route=\/wp\/v2\/types\/page"}],"author":[{"embeddable":true,"href":"https:\/\/la-curie.org\/index.php?rest_route=\/wp\/v2\/users\/1"}],"replies":[{"embeddable":true,"href":"https:\/\/la-curie.org\/index.php?rest_route=%2Fwp%2Fv2%2Fcomments&post=205"}],"version-history":[{"count":2,"href":"https:\/\/la-curie.org\/index.php?rest_route=\/wp\/v2\/pages\/205\/revisions"}],"predecessor-version":[{"id":208,"href":"https:\/\/la-curie.org\/index.php?rest_route=\/wp\/v2\/pages\/205\/revisions\/208"}],"wp:attachment":[{"href":"https:\/\/la-curie.org\/index.php?rest_route=%2Fwp%2Fv2%2Fmedia&parent=205"}],"curies":[{"name":"wp","href":"https:\/\/api.w.org\/{rel}","templated":true}]}}

<p><strong>Pourquoi La Curie à la Courneuve ? </strong></p>
<p>Dans le quartier Crèvecœur, aux faubourgs de la banlieue même, nous nous sommes installés rue Pierre Curie. Peut-être la rue a-t-elle été nommée à une époque où la vision rétrograde de l’Académie des sciences, le patriarcat et les milieux xénophobes avaient encore suffisamment d’influence pour que l’on écarte sans ciller des honneurs une femme extraordinaire, qui avait l’outrecuidance d’être d’origine étrangère, d’être veuve et de ne pas vivre pour autant en humble recluse. Pour nous, aujourd’hui, la rue Curie, ce serait plutôt la rue Pierre et Marie Curie, voire Marie et Pierre Curie. En tout cas, rue Curie, il y a désormais La Curie.</p>
<p>Lorsque Suger dédia ces domaines de l’est dionysien à la vigne, sans doute pour parer à une dissipation accélérée de la production de vin de messe, il y installa un prévôt et ce fut la Curia Nova ou Curtis Nova, la Curie, la Cour Neuve. Plutôt coin de ferme que tribunal administratif, notre Curie était peut-être alors le lieu-dit du Pinet, dont deux pins donnent aujourd’hui réminiscence au fond du jardin. Elle avait pu conserver une forme d’indépendance un peu barbare, héritant en esprit du moins de la proximité du Champ de Belenos, lieu de conciliabule temporaire autour d’un culte solaire gallo-romain.</p>
<p>Car en effet, la Curie, c’est aussi le rassemblement tribal pour délibérer d’affaires communes, pour porter l’attention (<em>cura</em>) sur elles. On en voit encore la trace dans la langue. Ne plus s’attacher à la défense de l’intérêt général, c’est l’incurie. On est curieux quand on se soucie d’une affaire, on en a cure. La cure, c’est en outre se soigner, prendre soin de soi, de quelqu’une ou quelqu’un – on retrouve le « <em>care</em> » anglo-saxon, qui est aussi une vision de la société. Ce qui est intéressant dans la version romane du terme, c’est que le soin de la curie, non seulement est collectif, organisé, mais se prend au sens de la délibération collective, sans se fixer la tâche de corriger la société de manière réticulaire voire organique, quand ce serait par la bonté. La Curie, c’est un lieu politique à l’échelle qu’elle trouve, où se joue quelque chose qui n’est pas joué d’avance, où l’esprit de décision se construit peu à peu et où la justice se renforce d’être nommée sociale.</p>

<p>Pourquoi La Curie à la Courneuve ? Dans le quartier Crèvecœur, aux faubourgs de la banlieue même, nous nous sommes installés rue Pierre Curie. Peut-être la rue a-t-elle été nommée à une époque où la vision rétrograde de l’Académie des sciences, le patriarcat et les milieux xénophobes avaient encore suffisamment d’influence pour que l’on écarte sans &hellip; </p>
<p class="link-more"><a href="https://la-curie.org/?page_id=205" class="more-link">Continuer la lecture<span class="screen-reader-text"> de &laquo;&nbsp;Pourquoi « La Curie » ?&nbsp;&raquo;</span></a></p>
